4 - (1 - (-2 + -2)).
-4
Calculate (-1 + 0 - 3) + 12 + -3.
5
Evaluate (-5 - (-16 + 4)) + (-10 - -7).
4
What is the value of -6 + (6 - -1) + 7 + -13?
-5
What is the value of 3 - ((3 - (-1 + 2)) + -3)?
4
What is 8 + -10 + 1 - (2 - -2)?
-5
What is -1 + 11 + -2 + -9?
-1
Evaluate 10 - (11 + -10 - -12).
-3
What is the value of -6 + (5 - 13 - -8)?
-6
What is the value of -5 + (-1 - -7) - 2?
-1
Evaluate -5 - (-2 - (-7 - -18)).
8
Evaluate -1 - (0 + (6 - 3)) - 0.
-4
Evaluate 6 - (-2 + 6) - (-3 + 7).
-2
Evaluate -4 + (-3 - -6) + (3 - 5).
-3
What is 1 - (-8 - -11 - (1 + -2))?
-3
What is the value of (-3 - -7) + -13 + 16?
7
Calculate 8 + (-6 + 12 - (17 + 3)).
-6
Calculate 1 - (0 - 2 - -6).
-3
Calculate 3 - (0 + -1 + (4 - -1)).
-1
17 - (10 + (-13 - -11))
9
What is 3 + 0 - (23 + -20)?
0
Evaluate -4 + 0 + -1 + (-2 - -6).
-1
-7 - -4 - (7 + -3)
-7
What is the value of 1 + 7 - (-8 + 13)?
3
Evaluate 8 + (-6 - -4) + -4.
2
-1 + 1 - (-34 + 41)
-7
Calculate 4 - (4 + (3 + -5 - -6)).
-4
What is -2 + (6 - 11) + 5 + -1?
-3
Calculate 8 - (-3 + 6) - (-9 + 12).
2
-2 + -5 + 1 + 2
-4
Evaluate 48 - 57 - (-4 + -1).
-4
0 - (-3 - -6) - (-2 + -1)
0
2 + (2 + -1 - 2)
1
Evaluate 33 - 30 - (0 - (-1 - -2)).
4
What is the value of -8 - -10 - -11 - 6?
7
Evaluate (-9 - -16) + -3 + -1.
3
Calculate (-3 - 1) + 27 + -28.
-5
Calculate -4 - (4 + 0 - 3).
-5
Calculate (3 - -2) + (9 - 15) + 5.
4
Calculate (-18 - -24) + 4 + 2 + -5.
7
Evaluate -11 - -5 - (-2 - 1) - 0.
-3
Evaluate -8 - (1 - 5 - -7 - 6).
-5
What is the value of 1 + -3 - (3 + -10 + 8)?
-3
What is -5 + 1 - (-12 - (-18 + 6))?
-4
What is 3 - 4 - (-35 - -39)?
-5
What is the value of -147 - -148 - (1 + -1 - -1)?
0
Evaluate 7 + (-1 + 0 - 3).
3
8 + -2 + -2 + -11 - -5
-2
9 + 7 + -5 - 2
9
What is (28 - 28) + 3 + 4?
7
(1 - (-2 + 1)) + -3
-1
Evaluate -5 + (8 - 0 - (10 - 3)).
-4
What is -3 + 3 - (-2 - -4 - 2)?
0
Calculate (-6 - (-5 - (4 + -5))) + -3.
-5
Evaluate 9 - (19 + -1) - -7.
-2
What is -4 + (-1 - -4) + 4?
3
4 - (0 + -2 - (-15 - -4))
-5
What is the value of 0 + (-2 - -1) - (11 + -7)?
-5
Evaluate 4 - (-1 + 4 + -1).
2
Evaluate -5 + 2 + 5 + -2.
0
What is 0 + -3 + (0 + 2 - -1)?
0
What is the value of (-6 - -5 - -4) + 0?
3
What is 4 + -1 + 0 + -1?
2
What is -1 + 0 - 0 - 1?
-2
(5 - 4) + 4 + 6
11
Calculate (3 - 2) + 2 - -1.
4
Evaluate 0 + 8 + (-2 + -2 - -1).
5
-2 + (-4 - (0 - 21)) + -6
9
(-16 - (-4 + -3)) + 5
-4
What is 2 + 1 + -3 + -3 + -2?
-5
Calculate 0 - (0 - -1) - (3 + 0).
-4
Evaluate 8 + -13 + (4 + -8 - -3).
-6
What is the value of 1 - (-2 - -8 - 0)?
-5
Evaluate 9 + -14 + 0 + 3.
-2
Calculate -1 + 1 + -8 + 8.
0
3 + -4 - -3 - (6 - 5)
1
-4 - 6 - (5 - 21)
6
Calculate -14 - -19 - (3 - -2).
0
(0 - 0) + -6 + 5
-1
What is the value of -1 - -5 - (-6 + -5 + 14)?
1
Evaluate (-10 - (-8 + -6)) + -9.
-5
What is 0 + (7 - 11) + 6?
2
Calculate (2 - 2) + 13 + -10 + 3.
6
Calculate -2 + 0 + (4 - (-5 - -7)).
0
What is the value of 3 + -1 + 2 + 3 + -3?
4
What is -14 + 11 - (0 - -1)?
-4
What is the value of 1 + (-16 + 17 - (-1 + 1))?
2
Calculate 4 + -11 + (-6 + 6 - -5).
-2
What is 7 + (-6 - -4) + -4 + 1?
2
Evaluate 0 + -5 + 2 - 0.
-3
Evaluate (-5 - -2) + 5 + -1 + 1.
2
Evaluate 3 + (1 - 4 - (-2 - -3)).
-1
(1 - (-4 + (-6 - -8))) + -5
-2
(-6 - (-1 - 1)) + 0 - -3
-1
-13 + 20 - (2 + 3 + 2)
0
What is the value of 12 + -4 + -2 + -1 + 0?
5
Evaluate (64 - 77) + (5 - 0).
-8
Evaluate (48 - 48) + (-2 + 0 - -2).
0
Evaluate 6 - 1 - (7 + -4).
2
What is the value of -6 + 6 + -6 + 7?
1
Calculate -5 - -3 - 4 - 0.
-6
What is -2 - (0 + 3) - -12 - 1?
6
What is 11 - (-1 + 1) - (-222 + 225)?
8
(6 + -1 - -2) + -8 + -4
-5
What is 0 - (4 - 3) - (-9 + 4)?
4
What is -8 + (5 - (-5 - -6))?
-4
Calculate (4 - 1) + (1 - 5).
-1
Evaluate 13 - 13 - (8 - 1).
-7
4 + -3 - 3 - (-4 + 6)
-4
What is the value of (-2 - (1 + 3)) + 12 + 1?
7
What is the value of 0 + -3 + -6 + 11 + -2?
0
What is the value of -4 - -13 - (0 - (4 - 12))?
1
What is the value of -5 - (-7 - -9) - -3?
-4
What is (22 - 19) + (0 - -1 - 8)?
-4
Evaluate -4 + (8 - (3 + 6)) + -3.
-8
Evaluate -21 - -15 - (-6 + 0).
0
Calculate -7 - -4 - (-10 - -5).
2
What is (-7 - ((-14 - -6) + 7)) + 1?
-5
Calculate -1 + -5 + 2 + -5 + 6.
-3
Evaluate -6 + (-1 - 2) + (3 - 3).
-9
Calculate -3 + 0 - (-4 - 0 - -6).
-5
Evaluate (-5 - -5) + (5 - 2).
3
Evaluate 1 + (-2 - -2) + (118 - 127).
-8
Calculate 22 + -40 + -4 + 17.
-5
0 - (2 - (0 - -7))
5
-10 + 20 + (10 - 14)
6
What is 1 + -2 - (-8 - (-1 + -7))?
-1
9 + -2 + 13 + -16
4
Evaluate 0 + (-3 + 2 - 3).
-4
What is 0 + (-2 + -2 + 10 - 3)?
3
7 - (0 - (-2 - 3))
2
Evaluate 0 - (2 - 2) - 4.
-4
What is (-37 + 32 - (1 - 14)) + -8?
0
What is the value of -4 - (4 + -9 - -6)?
-5
Calculate 2 + 1 + -3 + 1.
1
Calculate -8 - ((3 - (-1 + 10)) + 2).
-4
Evaluate 1 - (0 + 4 + 1) - 1.
-5
What is the value of -6 - ((-1 - 1) + (-27 - -24))?
-1
Evaluate -29 + 37 - (0 - -11).
-3
Calculate 11 + 12 + (-11 - 12).
0
What is the value of 9 + -13 - (-13 - -12)?
-3
Calculate 1 - -2 - (-24 + 11 + 8).
8
Evaluate (5 - 0 - (-2 + 6)) + 1.
2
Evaluate -4 + 7 + -4 + 3 + 0.
2
What is the value of -4 - (-5 + 2 - -4)?
-5
Evaluate 7 - (14 - 13) - 3.
3
(4 - (10 - 1)) + 2 - 4
-7
What is the value of 5 + (0 - 1) + -3 + 0?
1
Calculate (-4 - -1) + -2 + 4.
-1
(-2 + -3 - -7 - 0) + 4
6
(-16 - -14) + -1 + -2
-5
What is 1 + 13 + -19 - (0 + -6)?
1
Calculate 7 + -5 - 0 - (-1 + 8).
-5
-11 + -5 + 13 + -1
-4
Evaluate -2 + 0 + -28 + 27.
-3
Evaluate -5 + 1 + 7 + -2 + -5.
-4
Calculate 4 + 2 + -2 + -1.
3
What is (-19 - -16) + 1 + 6?
4
Evaluate -15 + 12 + (1 - -2) + 2.
2
What is the value of -2 + 8 + (12 - 10)?
8
What is the value of (-2 - 6) + (1 - -3 - 0)?
-4
What is -4 + 3 + -4 + 4?
-1
What is the value of -11 - (-9 + 6) - -2?
-6
Evaluate 8 + -2 + (1 - 3).
4
Evaluate 1 + 9 - (1 - -2).
7
Calculate (6 - (-6 - -7)) + 1 + -8.
-2
What is (-4 + 2 - (11 - 8)) + 2?
-3
Calculate -2 + 10 - (1 - -2) - 2.
3
(-6 - -2) + 9 - 1
4
-4 - -8 - (19 - 15)
0
Calculate (2 - -2) + -9 + 9.
4
What is 6 - (6 + -4 + 5)?
-1
What is the value of (-1 - (-2 - 1)) + (-1 - 2)?
-1
What is (-8 - (-7 - (5 + 0))) + 0?
4
What is 3 + -11 + 9 + 1?
2
Evaluate 1 - 7 - (-5 - (-6 + 3)).
-4
What is the value of -2 + 0 - (0 - -3)?
-5
Calculate (-33 - -34) + -8 + 2.
-5
Calculate 4 - (11 + -1 + -7).
1
What is -3 + 3 + 5 + -5?
0
Evaluate 2 + -7 - -7 - 2.
0
4 - 2 - (-1 + -1 + 1)
3
What is (7 + -2 - -2) + (-9 - -3)?
1
What is 196 + -197 + (1 - -9)?
9
Calculate 0 - (2 + 9) - -8.
-3
What is 17 - 8 - 11 - -6?
4
What is -1 - (5 - 2) - 0?
-4
Evaluate -5 - ((1 - 4) + 3).
-5
Evaluate -10 + 10 + -1 + 2 + -3.
-2
What is -3 + (0 + -1 - (-7 + 3))?
0
What is (-4 - (5 - 7)) + 1?
-1
Evaluate -4 + (2 - -4) + 1.
3
What is 75 - 69 - (2 + 0)?
4
What is (3 + -6 - (1 - 0)) + 4?
0
(0 - (7 - 2)) + -25 + 26
-4
Calculate (-4 - (-15 + 8)) + (-2 - -1).
2
What is the value of 3 - (1 - 2) - 1 - 7?
-4
Evaluate ((-5 - 3) + 11 - -1) + -3.
1
Evaluate 9 - 9 - -2 - (4 + -1).
-1
What is the value of 4 + (7 - 3) - -1?
9
3 - ((7 - 1) + 0) - -10
7
What is the value of 6 + (-10 - (-2 + -4))?
2
What is -5 + (-3 - (-3 - (3 - 1)))?
-3
Evaluate -2 + 5 - 4 - (2 + -1).
-2
Calculate -3 + (6 - (-1 + 10)).
-6
Calculate 3 - (6 + -3) - 1.
-1
Calculate 5 - ((3 - 3) + 1 + 1).
3
Evaluate -16 + 10 - -8 - (1 + 7).
-6
What is the value of 1 + 0 + 2 + 0?
3
Evaluate (-16 - -13) + 4 + -2 + -6.
-7
Calculate (4 - -3) + -2 + 0 + -2.
3
Evaluate -7 + 10 + 5 - 6.
2
What is 6 + (-4 - -6) + -4?
4
What is -127 + 123 - (-4 + -1)?
1
Evaluate 4 + -8 - -8 - -1.
5
Evaluate 6 - ((1 - -8) + (20 - 26)).
3
Evaluate -1 + 0 - -2 - (-63 + 59).
5
What is the value of -4 + 4 + (2 - -2) - -3?
7
Evaluate -1 + 2 + (-2 - 2) + 3.
0
Evaluate -3 - (3 + (-6 - 5)).
5
Calculate 1 + -1 + 0 + -2 + -2.
-4
2 - (4 + 1) - 0
-3
What is (-6 + 8 - 7) + (1 - -3)?
-1
Calculate -5 - (0 + (0 - 2)) - 3.
-6
What is 6 + 0 - (-15 + 23)?
-2
Evaluate -1 + -5 + 0 + 1.
-5
What is the value of 3 - ((6 - 4) + 3 + -3)?
1
What is 5 + -9 + 14 - 4?
6
What is the value of 4 - (-5 + 3 + 10)?
-4
What is the value of -3 + -6 + 1 - -4?
-4
What is -3 + (4 + -1 - 3)?
-3
-2 - (-3 - (-8 - -4 - -6))
3
-1 + 8 + 4 + -3 - 4
4
Evaluate 1 - (-6 - (-15 + 2)).
-6
What is the value of -6 + (-6 - -4) + 11?
3
Calculate 17 + (5 - 15) + -16 + 2.
-7
What is the value of 32 + -34 - (-6 + (2 - 0))?
2
Evaluate 0 + -5 + 3 - -2.
0
Evaluate 0 + -3 + 2 + -2 + 4.
1
What 